s digit of s?
9
Let k(n) = -n**2 - 18*n - 15. Let v be k(-17). Let q be v/3*5*(110 + -2). Suppose 2*y + q = 10*y. What is the units digit of y?
5
Let c be 2/(-2) - (-6)/(-1). Let j(r) be the first derivative of r**2/2 + 30*r - 558. What is the units digit of j(c)?
3
Let s = -28 - -38. Suppose 14*v - 20 = s*v. Suppose v*i = -3*m + 30, -2*i + 4*m - 1 = -13. What is the units digit of i?
6
Suppose -4*o + o - 4*c = -24, -5*c = 2*o - 23. Suppose -5*y + n = 46, y - 4*n = -o*y - 34. What is the units digit of ((-768)/y)/2 + 58/(-145)?
8
Let x be (-28)/10*(9 - 46/4). What is the units digit of -5*x/(-35) + 705?
6
Suppose -5*t = 3*w - 32, t = 2*w - 4 - 0. Suppose 1354 = 4*z - 2*y, w*y - 9*y = -2*z + 673. What is the units digit of z?
9
Let s(d) = -54102*d**3 + 7*d**2 + 144*d + 137. What is the units digit of s(-1)?
2
Let f = 402 - 395. Suppose f*h - 2923 = 3321. What is the units digit of h?
2
Let i(o) be the third derivative of 9*o**2 + 1/60*o**5 + 0*o - 1/8*o**4 + 5/6*o**3 + 0. What is the tens digit of i(10)?
7
Let g(z) = 40*z**2 + 84*z + 38. What is the hundreds digit of g(-9)?
5
Suppose -q = -2*z - 5188, -7*q + 0*q + 36214 = 3*z. What is the tens digit of q?
7
Let y(s) = s**2 - 1. Let a(z) = -52*z**2 + 2*z - 12. Let u(f) = 3*f**2 + 2*f - 4. Let i be u(2). Let q(c) = i*y(c) - a(c). What is the tens digit of q(2)?
5
Let f(i) = -65*i**3 - 99*i**2 + i - 42. What is the ten thousands digit of f(-7)?
1
Let g = 3035 - 2156. Suppose 0 = -f - 5*p + 261, -3*f + 4*p + g = 20. What is the tens digit of f?
8
Let u(s) = 18*s**2 + 49*s - 1324. What is the hundreds digit of u(18)?
3
Let n(s) = -89*s + 18. Let z(y) = 2*y**3 - 13*y**2 - 7*y - 2. Let w be z(7). What is the hundreds digit of n(w)?
1
Suppose -2055 = -5*w - 445. Suppose 5*o - 4*r - 1101 = 0, 5*o = 3*r + 643 + 454. Let k = w - o. What is the tens digit of k?
0
Suppose 0 = 5*s - 4*a + 9, -2*a + 7 = 234*s - 237*s. Let d(k) = -2*k - 8 + k**2 + k - 2*k. What is the units digit of d(s)?
2
Let q = -4684 + 14140. What is the thousands digit of q?
9
Suppose -5*u + 23 = 3*m, 0 = -4*u + u + 2*m + 10. Suppose 0 = 2*w + w + 2*y - 641, -u*w + 3*y = -832. Suppose -2*l = 55 - w. What is the tens digit of l?
7
Let v(a) = 222*a - 446. What is the units digit of v(22)?
8
Let a = 7279 - 4337. Suppose 0 = -17*c + 3858 + a. What is the hundreds digit of c?
4
Let t(v) = -20*v - 1. Let j be t(-1). Let p = j - 17. Suppose -652 = -4*q + 3*c, p*q - 4*c = -3*c + 326. What is the units digit of q?
3
Suppose -129*u + 125*u = 2*y - 14134, -2*y = 5*u - 14133. What is the hundreds digit of y?
0
Let y be 15 - (2 + -2) - (-18 + 18). What is the tens digit of (4 - (-554)/(-6))/((-5)/y)?
6
Let z = -139 + 71. Let f = 510 - z. What is the hundreds digit of f?
5
Let h = -34 - -27. What is the tens digit of h/((-35)/15) - -234?
3
Suppose 36 - 32 = -d. Let u be (-1 + 1)/(-6 - d). Suppose u = -3*r - y + 44, -2*r - y = y - 28. What is the tens digit of r?
1
Let x = -417 - -808. Let f = x + -287. What is the tens digit of f?
0
Let s be 53/8 + (-12)/(-32). Suppose 0 = s*u - 845 - 6456. What is the tens digit of u?
4
Suppose 0 = -3*x - 1407*g + 1405*g + 122206, 2*x - 4*g - 81428 = 0. What is the ten thousands digit of x?
4
Let k(b) = -b**3 - 12*b - 15*b + 0*b**2 - 3*b**2 + b + 36*b - 54. What is the units digit of k(-11)?
4
Let h = -210 - -215. Suppose 3*a - u = 87, -a + 2*u - h*u = -19. What is the units digit of a?
8
Let g(l) = 4*l**2 + 3*l + 1. Suppose 2*v + 0*v = -2. Let z be g(v). Suppose 4 = -2*q, 3*b + z*b - 671 = 3*q. What is the tens digit of b?
3
Let a = -362 - -2267. What is the hundreds digit of a?
9
Let z be (-1)/(-2 + (-27)/(-15)). Suppose 7*l - z*l - 374 = 0. Suppose l + 407 = 6*n. What is the units digit of n?
9
Let g = 66381 + -15617. What is the thousands digit of g?
0
Let y(v) = 2*v**2 + 34*v - 32. Let u be y(-18). Suppose -z + 380 = 4*j, -3*z + 7*z = -u*j + 380. What is the tens digit of j?
9
Let g be ((-296)/(-20))/((-6)/(-60)). Let q be 2/(-8) + (-339)/4. Let j = q + g. What is the tens digit of j?
6
Suppose 2*v - 68432 = 24*u - 22*u, 2*v = -2*u + 68440. What is the hundreds digit of v?
2
Let h(b) be the first derivative of b**3/3 + 3*b**2/2 - 4*b + 9. Let z be h(-4). Suppose 4*v - 2*v - 176 = z. What is the tens digit of v?
8
What is the ten thousands digit of (-29108125)/(-625) + ((-8)/(-3))/((-2)/(-6))?
4
Let w be (-76692)/(-99) + (-2)/(-6). Suppose 0 = 12*b - 11*b - w. What is the hundreds digit of b?
7
Suppose -3*j + 1094 = -0*j - 799. What is the hundreds digit of j?
6
Let l be ((-6)/(-4))/(1 + 35/(-50)). Suppose l*t - 223 - 472 = -5*v, -3*v + 397 = -2*t. What is the hundreds digit of v?
1
Let s = 127240 - 77318. What is the thousands digit of s?
9
Let g be (-2 - -411) + 0/(-2). Suppose f = 186 + g. Suppose -5*h - f = -10*h. What is the tens digit of h?
1
Let w = 484 - 466. Suppose 21344 = w*g + 28*g. What is the hundreds digit of g?
4
Suppose -5*q = -2*f - 3448, 0 = 7*q - 2*q + f - 3436. Let z = -463 + q. What is the tens digit of z?
2
Let f(c) = 1327*c + 70. Let z be f(17). Suppose 63*t = 82*t - z. What is the units digit of t?
1
Suppose -4 = -4*d - 4*j, j = 5*d - 0*d - 17. Suppose 2*u = -d*m - u + 102, 0 = -3*m - u + 94. Suppose -z + 42 = -m. What is the tens digit of z?
7
Let d = -6759 - -7921. What is the units digit of d?
2
Suppose 144*a - 939676 = 965135 + 740901. What is the ten thousands digit of a?
1
Let o(u) = -14*u**3 - 6*u**2 - u + 3. Let y be o(-2). Let n = y + 780. What is the hundreds digit of n?
8
Suppose -127*h + 2105814 = -646530. What is the thousands digit of h?
1
Let o = 35 - 33. Suppose 0 = 3*i - 3*a - 2*a + 145, 3*i + 115 = -a. What is the units digit of (446 - (o + -1))*(-16)/i?
8
Let b(l) = 2388*l**2 - 3*l**3 - 2418*l**2 - 8*l - 27 + 2*l**3. What is the tens digit of b(-30)?
1
Let s(p) = 177*p**2 + 2*p - 30. What is the tens digit of s(-5)?
8
Suppose 202660 = 45*h - 40519 - 518446. What is the ten thousands digit of h?
1
Let g = 781 - 1316. Let c = 5 - g. What is the hundreds digit of c?
5
Suppose 3*b = 3*b - 8*b + 77712. What is the units digit of b?
4
Suppose 2*o + 22 = 5*b, -5*o - 1 = 5*b - 4*b. Suppose -2*j + 2684 = z, -j - b*j = 2*z - 6712. What is the hundreds digit of j?
3
Let v(s) be the third derivative of -s**5/30 + 7*s**4/6 - 4*s**3 + 35*s**2. Let l be v(21). What is the tens digit of (3/(-6))/(957/l + 3)?
5
Let c = 24530 - 10447. What is the units digit of c?
3
Let h = 135 - 131. Suppose -h*l - 1160 + 3164 = 0. What is the hundreds digit of l?
5
Suppose -2*q = 2*b + 10, -3*q - 5*b - 2 = 7. Let a be (-2)/q - 25/(-60)*501. Suppose r - 153 = -4*v + 666, -4*r = -v + a. What is the tens digit of v?
0
Suppose -v + 65 = -2*v. Let s = -57 - v. Suppose s*b - 113 = 47. What is the tens digit of b?
2
Suppose -5*n + 23 = 123. Let s = n + 271. What is the hundreds digit of s?
2
Suppose -4*v = 3*r - 5084, -302*v + 3*r = -298*v - 5132. What is the thousands digit of v?
1
Let z(i) = 1706*i**2 + 78*i - 347. What is the thousands digit of z(4)?
7
Suppose 117*z - 20 = 112*z. Suppose -1096 = -2*a + 5*b, -4*a = -a + z*b - 1644. What is the units digit of a?
8
Let y be 12/(-10)*(-19)/(38/(-97260)). What is the units digit of 1/(-5) - (y/(-20))/(-9)?
4
Let m(f) = 277*f**2 - 143*f - 911. What is the tens digit of m(-7)?
6
What is the tens digit of (-44370)/29*(-3)/2?
9
Suppose -9*j + 158 = -4*j - 4*o, -4*j + 148 = 4*o. Suppose -16*a = -j*a + 14400. What is the tens digit of a?
0
Let c be (-18126)/(-3)*((-8)/(-6))/4. Suppose -x = 4*p + x - 1600, -5*p = -x - c. What is the tens digit of p?
0
What is the tens digit of 16 + 19 + (-18 - -2128)?
4
Let m = 53 - 50. Suppose 5*x + t = m*t + 7, 2*x - 2*t - 4 = 0. What is the units digit of 650/39 - x/(-3)?
7
Let g = 4467 + -993. What is the units digit of g?
4
Suppose 4*z - 2*x - 2*x = 46120, 0 = 2*z - x - 23064. What is the tens digit of z?
3
Let t = -777 - -55. Let h = t + 1202. Suppose -2*v - c = -236, 4*v - 3*c + 18 - h = 0. What is the hundreds digit of v?
1
Let y = 131427 + -90774. What is the tens digit of y?
5
Let y(b) = -b**3 - 10*b**2 - 14*b + 18. Let z be y(-8). Let l(o) = 149*o + 6. What is the units digit of l(z)?
4
Suppose -648*j + 727*j = 4819. Suppose -4*l = -5*p + 363, -42 = -p - 4*l + 45. Let a = p - j. What is the tens digit of a?
1
Let h(g) b